rime number?
False
Is 67511 a prime number?
True
Is 399379 a composite number?
False
Is 46619 prime?
True
Is 17371 prime?
False
Is 48289 composite?
True
Is 4327 composite?
False
Is 103141 a composite number?
False
Is 505 prime?
False
Is 323223 composite?
True
Is 23713 composite?
True
Is 1991671 prime?
False
Is 118817 a composite number?
True
Is 302009 a prime number?
True
Is 520199 composite?
True
Is 31957 prime?
True
Is 9337 a prime number?
True
Is 3198329 prime?
False
Is 19846 composite?
True
Is 201937 composite?
False
Is 61151 a composite number?
False
Is 11111 a prime number?
False
Is 11657 prime?
True
Is 6805 composite?
True
Is 345329 prime?
True
Is 6469 composite?
False
Is 74981 composite?
True
Is 11717 composite?
False
Is 62209 a composite number?
True
Is 14177 composite?
False
Is 572431 composite?
True
Is 1060201 a composite number?
False
Is 23227 composite?
False
Is 3881 a prime number?
True
Is 229855 a prime number?
False
Is 61211 composite?
False
Is 1789511 composite?
True
Is 4213 a composite number?
True
Is 217405 prime?
False
Is 907 prime?
True
Is 1621 prime?
True
Is 4846531 composite?
True
Is 77069 a composite number?
False
Is 1790807 composite?
True
Is 2767 composite?
False
Is 6004877 composite?
False
Is 12287 a prime number?
False
Is 9346 composite?
True
Is 8147 prime?
True
Is 169859 a prime number?
True
Is 16217 composite?
False
Is 33379 prime?
False
Is 1151 a prime number?
True
Is 30533 composite?
True
Is 145303 composite?
False
Is 220223 composite?
True
Is 2371 prime?
True
Is 1553369 a prime number?
True
Is 50789 prime?
True
Is 519055 a composite number?
True
Is 51749 composite?
False
Is 139813 composite?
False
Is 58321 a prime number?
True
Is 25793 a prime number?
True
Is 33703 a prime number?
True
Is 347401 composite?
False
Is 281507 composite?
True
Is 40363 prime?
False
Is 63233 prime?
False
Is 54037 a prime number?
True
Is 79685 composite?
True
Is 1255 prime?
False
Is 876479 a prime number?
True
Is 209491 prime?
False
Is 46279 a composite number?
False
Is 126173 a composite number?
False
Is 6385 prime?
False
Is 6923417 composite?
False
Is 12779 a prime number?
False
Is 82003 composite?
False
Is 199915 a composite number?
True
Is 206861 composite?
True
Is 129361 composite?
False
Is 52165 prime?
False
Is 479197 a prime number?
False
Is 803407 a prime number?
False
Is 570281 composite?
True
Is 8461 a composite number?
False
Is 36401 prime?
False
Is 9173 prime?
True
Is 1162451 composite?
True
Is 50359 a composite number?
False
Is 75367 a composite number?
False
Is 629 a composite number?
True
Is 1651 composite?
True
Is 640019 a composite number?
False
Is 6209 prime?
False
Is 47327 prime?
False
Is 607393 a composite number?
True
Is 270359 composite?
True
Is 117886 prime?
False
Is 16943 composite?
False
Is 35761 composite?
True
Is 160199 prime?
False
Is 142171 composite?
True
Is 11423 prime?
True
Is 67651 composite?
False
Is 348173 a composite number?
True
Is 4694605 prime?
False
Is 1868983 prime?
True
Is 164797 composite?
True
Is 361573 prime?
False
Is 1650659 a composite number?
False
Is 29398 composite?
True
Is 278699 prime?
False
Is 201155 composite?
True
Is 311867 composite?
False
Is 90263 prime?
True
Is 42899 prime?
True
Is 5533 a prime number?
False
Is 502 prime?
False
Is 20873 composite?
False
Is 713 prime?
False
Is 662 composite?
True
Is 12011 a prime number?
True
Is 59071 a prime number?
False
Is 23843 a prime number?
False
Is 449195 prime?
False
Is 452579 a prime number?
True
Is 10903 composite?
False
Is 32534 prime?
False
Is 288523 a prime number?
False
Is 583 a prime number?
False
Is 355417 a prime number?
True
Is 101951 composite?
True
Is 7069 a prime number?
True
Is 3943 a composite number?
False
Is 85139 a composite number?
True
Is 4837 prime?
False
Is 451609 a prime number?
True
Is 934223 a composite number?
False
Is 193871 a composite number?
False
Is 95203 prime?
True
Is 709 prime?
True
Is 138365 a prime number?
False
Is 301 prime?
False
Is 47537 a composite number?
True
Is 4396618 a prime number?
False
Is 5623 composite?
False
Is 414677 a composite number?
False
Is 24331 a composite number?
True
Is 33997 prime?
True
Is 217307 a prime number?
True
Is 6233 composite?
True
Is 564779 a composite number?
False
Is 1317991 composite?
True
Is 88103 a composite number?
True
Is 11183 a prime number?
False
Is 4758761 a prime number?
False
Is 44645 composite?
True
Is 535663 prime?
True
Is 2251 composite?
False
Is 1329 composite?
True
Is 3462533 a prime number?
False
Is 335833 a composite number?
False
Is 34093 a composite number?
True
Is 3244843 prime?
False
Is 16143 a prime number?
False
Is 44501 a prime number?
True
Is 5512307 prime?
True
Is 58637 prime?
False
Is 828049 prime?
False
Is 457 prime?
True
Is 7817 a composite number?
False
Is 499791 prime?
False
Is 242863 composite?
False
Is 525571 composite?
False
Is 10529 a prime number?
True
Is 16163 a prime number?
False
Is 26141 composite?
False
Is 115337 a composite number?
False
Is 360707 composite?
True
Is 65063 a prime number?
True
Is 56393 prime?
True
Is 13001 prime?
True
Is 129071 prime?
False
Is 14485 composite?
True
Is 84418 prime?
False
Is 51449 prime?
True
Is 175787 a prime number?
False
Is 207653 composite?
False
Is 692383 a composite number?
True
Is 6323 a composite number?
False
Is 45002 prime?
False
Is 1077101 prime?
True
Is 16106 a prime number?
False
Is 89047 prime?
False
Is 47339 a prime number?
True
Is 10123 composite?
True
Is 56926 composite?
True
Is 1683557 prime?
False
Is 441679 a prime number?
False
Is 57557 prime?
True
Is 330469 prime?
True
Is 191 a prime number?
True
Is 32947 prime?
False
Is 30991 a composite number?
True
Is 7697 composite?
True
Is 979 prime?
False
Is 279193 a composite number?
True
Is 771 composite?
True
Is 76813 a composite number?
True
Is 2203 a composite number?
False
Is 288007 composite?
False
Is 1919 prime?
False
Is 433403 a prime number?
False
Is 91 a prime number?
False
Is 21579 a composite number?
True
Is 48847 composite?
False
Is 149269 a composite number?
False
Is 74353 prime?
True
Is 5723 prime?
False
Is 27073 a prime number?
True
Is 82661 a composite number?
True
Is 544451 prime?
True
Is 276271 composite?
True
Is 24133 a prime number?
True
Is 12889 a composite number?
False
Is 12394 a prime number?
False
Is 1943 prime?
False
Is 113507 a prime number?
False
Is 6689773 a composite number?
False
Is 179551 prime?
False
Is 112162 a prime number?
False
Is 3341 composite?
True
Is 57611 prime?
False
Is 939 prime?
False
Is 1931 a composite number?
False
Is 34409 composite?
True
Is 7103 composite?
False
Is 10123 a prime number?
False
Is 400043 a composite number?
True
Is 363257 composite?
False
Is 59191 prime?
False
Is 39631 a composite number?
False
Is 113489 prime?
True
Is 20065 a composite number?
True
Is 30817 a prime number?
True
Is 111301 composite?
False
Is 7355 a prime number?
False
Is 13021 composite?
True
Is 113 composite?
False
Is 4106 a prime number?
False
Is 130573 a composite number?
True
Is 24317 composite?
False
Is 16183 a composite number?
False
Is 3337 a prime number?
False
Is 199103 a prime number?
True
Is 25891 a prime number?
False
Is 141257 composite?
False
Is 624053 a composite number?
True
Is 282281 a prime number?
True
Is 68141 a prime number?
True
Is 3037 a prime number?
True
Is 10546 a composite number?
True
Is 1618847 composite?
True
Is 913189 a prime number?
False
Is 341617 composite?
False
Is 393017 composite?
False
Is 20981 composite?
False
Is 157163 a prime number?
True
Is 398263 prime?
False
Is 2929 prime?
False
Is 28513 composite?
False
Is 7177 composite?
False
Is 77635 a prime number?
False
Is 87157 a prime number?
False
Is 12601 composite?
False
Is 47587 a composite number?
True
Is 123991 a prime number?
False
Is 9599 a prime number?
False
Is 25903 a composite number?
False
Is 1369 a composite number?
True
Is 642547 a composite number?
False
Is 284915 a prime number?
False
Is 18899 a composite number?
False
Is 28685 a prime number?
False
Is 2204071 prime?
True
Is 161 composite?
True
Is 188242 a prime number?
False
Is 245251 composite?
False
Is 326923 a composite number?
False
Is 34721 composite?
False
Is 178661 a composite number?
True
Is 7033 a composite number?
True
Is 18923 compos